{"id":6198,"date":"2020-11-03T13:43:22","date_gmt":"2020-11-03T12:43:22","guid":{"rendered":"https:\/\/twojaklinika.com.pl\/?post_type=portfolio_item&#038;p=6198"},"modified":"2023-06-30T14:05:36","modified_gmt":"2023-06-30T12:05:36","slug":"laserowe-foto-odmladzanie-skory-lasera-q-switched","status":"publish","type":"portfolio_item","link":"https:\/\/twojaklinika.com.pl\/index.php\/project\/laserowe-foto-odmladzanie-skory-lasera-q-switched\/","title":{"rendered":"Laserowe fotoodm\u0142adzanie sk\u00f3ry"},"content":{"rendered":"<p style=\"text-align: justify;\"><strong>FOTOODM\u0141ADZANIE SK\u00d3RY\u00a0<\/strong><\/p>\n<p style=\"text-align: justify;\"><strong>Na czym polega laserowe fotoodm\u0142adzanie sk\u00f3ry?<\/strong><\/p>\n<p style=\"text-align: justify;\">Przez lata korzystamy ze s\u0142o\u0144ca i solarium nie my\u015bl\u0105c o w\u0142a\u015bciwej piel\u0119gnacji naszej sk\u00f3ry. W konsekwencji oko\u0142o 35 roku \u017cycia zaczynamy obserwowa\u0107 u siebie nasilaj\u0105ce si\u0119 cechy pos\u0142onecznego uszkodzenia, czyli tzw. fotostarzenia. Z ka\u017cdym dziesi\u0105tkiem lat przybywa zmian barwnikowych, nasze naczynka staj\u0105 si\u0119 rozszerzone, nask\u00f3rek wysuszony i cienki, pojawiaj\u0105 si\u0119 coraz liczniejsze zmarszczki i bruzdy.<br \/>\nLaserowy zabieg footoodm\u0142adzania polega na pobudzaniu sk\u00f3ry do produkcji kolagenu przy u\u017cyciu promienia laserowego. W trakcie zabiegu laser niszczy obecne w sk\u00f3rze rozszerzone naczynka oraz skupiska brunatnego barwnika, pozostawiaj\u0105c otaczaj\u0105c\u0105 tkank\u0119 nienaruszon\u0105. Po zabiegu zmniejsza si\u0119 widoczno\u015b\u0107 brunatnych plam, znikaj\u0105 paj\u0105czki naczyniowe. Sk\u00f3ra wyra\u017anie ujednolica sw\u00f3j koloryt i jest lepszej jako\u015bci.\u00a0Jest to metoda nie wymagaj\u0105ca znieczulenia. Mo\u017cna powierzchni\u0119 sk\u00f3ry sch\u0142odzi\u0107 w trakcie oraz po zabiegu specjalnymi zimnymi ok\u0142adami, co pozwala u\u015bmierzy\u0107 b\u00f3l.<\/p>\n<p style=\"text-align: justify;\">Najcz\u0119stsze obszary zabiegowe to twarz, szyja i dekolt i d\u0142onie.<\/p>\n<p style=\"text-align: justify;\"><strong>Wskazania do zabiegu:<\/strong><\/p>\n<ul style=\"text-align: justify;\">\n<li>Ka\u017cda osoba z cechami pos\u0142onecznego uszkodzenia sk\u00f3ry: rozszerzone naczynka oraz brunatne plamy soczewicowate lub piegi, kt\u00f3re zaburzaj\u0105 koloryt sk\u00f3ry i \u015bwiadcz\u0105 o starzeniu sk\u00f3ry, zwi\u0105zanym z przewlek\u0142\u0105 ekspozycj\u0105 na promieniowanie UV.<\/li>\n<\/ul>\n<p style=\"text-align: justify;\"><strong>Efekty:<\/strong><\/p>\n<ul style=\"text-align: justify;\">\n<li>zmniejsza si\u0119 widoczno\u015b\u0107 brunatnych plam,<\/li>\n<li>znikaj\u0105 paj\u0105czki naczyniowe.<\/li>\n<li>sk\u00f3ra wyra\u017anie ujednolica sw\u00f3j koloryt i jest lepszej jako\u015bci.<\/li>\n<\/ul>\n<p style=\"text-align: justify;\">Gojenie sk\u00f3ry bezpo\u015brednio po zabiegu trwa oko\u0142o tygodnia, natomiast proces regeneracji sk\u00f3ry oraz znikanie brunatnych plam i naczy\u0144 trwa oko\u0142o kilku 4-6 \u00a0tygodni. W\u00f3wczas zazwyczaj wykonujemy drugi zabieg, kt\u00f3ry ma na celu redukcj\u0119 pozosta\u0142ych jeszcze zmian naczyniowych i barwnikowych. Ilo\u015b\u0107 zalecanych zabieg\u00f3w jest uzalezniona od stanu sk\u00f3ry pacjenta.<\/p>\n<p style=\"text-align: justify;\"><strong>Przeciwwskazania do zabiegu:<\/strong><\/p>\n<ul style=\"text-align: justify;\">\n<li>ci\u0105\u017ca i karmienie piersi\u0105<\/li>\n<li>terapia doustna retinoidami<\/li>\n<li>zio\u0142a: dziurawiec, nagietek, skrzyp<\/li>\n<li>leki \u015bwiat\u0142ouczulaj\u0105ce: antybiotyki, leki antydepresyjne<\/li>\n<li>aktywna infekcja bakteryjna lub wirusowa na sk\u00f3rze<\/li>\n<li>nowotwory sk\u00f3ry<\/li>\n<li>fotodermatozy<\/li>\n<li>przewlek\u0142e zapalne dermatozy (\u0142uszczyca, atopowe zapalenie sk\u00f3ry, liszaj p\u0142aski)<\/li>\n<li>okres do 4 tygodni od wype\u0142nienia zmarszczek kwasem hialuronowym lub hydroksyapatytem wapnia<\/li>\n<li>okres do 12 tygodni od wype\u0142nienia sk\u00f3ry kwasem polimlekowym (Sculptra)<\/li>\n<li>sk\u00f3ra opalona<\/li>\n<li>sk\u00f3ra przyciemniona samoopalaczem<\/li>\n<li>niedawne pilingi chemiczne<\/li>\n<li>cukrzyca<\/li>\n<li>obni\u017cenie odporno\u015bci organizmu<\/li>\n<li>tendencja do tworzenia si\u0119 bliznowc\u00f3w<\/li>\n<\/ul>\n<p style=\"text-align: justify;\">W CELU MAKSYMALNEGO SKR\u00d3CENIA OKRESU REKONWALESCENCJI I DLA LEPSZYCH EFEKT\u00d3W ZABIEGOWYCH ZALECAMY KILKA SESJI PRZY WYKORZYSTANIU\u00a0<strong>LAMP LEDOWYCH.<\/strong><\/p>\n","protected":false},"excerpt":{"rendered":"<p>FOTOODM\u0141ADZANIE SK\u00d3RY\u00a0 Na czym polega laserowe fotoodm\u0142adzanie sk\u00f3ry? Przez lata korzystamy ze s\u0142o\u0144ca i solarium nie my\u015bl\u0105c o w\u0142a\u015bciwej piel\u0119gnacji naszej sk\u00f3ry. W konsekwencji oko\u0142o 35 roku \u017cycia zaczynamy obserwowa\u0107 u siebie nasilaj\u0105ce si\u0119 cechy pos\u0142onecznego uszkodzenia, czyli tzw. fotostarzenia. Z ka\u017cdym dziesi\u0105tkiem lat przybywa zmian barwnikowych, nasze naczynka staj\u0105 [&hellip;]<\/p>\n","protected":false},"author":1,"featured_media":6268,"comment_status":"open","ping_status":"closed","template":"","meta":{"_et_pb_use_builder":"","_et_pb_old_content":"","_et_gb_content_width":""},"portfolio":[54],"class_list":["post-6198","portfolio_item","type-portfolio_item","status-publish","has-post-thumbnail","hentry","portfolio-medycyna-estetyczna"],"aioseo_notices":[],"_links":{"self":[{"href":"https:\/\/twojaklinika.com.pl\/index.php\/wp-json\/wp\/v2\/portfolio_item\/6198","targetHints":{"allow":["GET"]}}],"collection":[{"href":"https:\/\/twojaklinika.com.pl\/index.php\/wp-json\/wp\/v2\/portfolio_item"}],"about":[{"href":"https:\/\/twojaklinika.com.pl\/index.php\/wp-json\/wp\/v2\/types\/portfolio_item"}],"author":[{"embeddable":true,"href":"https:\/\/twojaklinika.com.pl\/index.php\/wp-json\/wp\/v2\/users\/1"}],"replies":[{"embeddable":true,"href":"https:\/\/twojaklinika.com.pl\/index.php\/wp-json\/wp\/v2\/comments?post=6198"}],"wp:featuredmedia":[{"embeddable":true,"href":"https:\/\/twojaklinika.com.pl\/index.php\/wp-json\/wp\/v2\/media\/6268"}],"wp:attachment":[{"href":"https:\/\/twojaklinika.com.pl\/index.php\/wp-json\/wp\/v2\/media?parent=6198"}],"wp:term":[{"taxonomy":"portfolio","embeddable":true,"href":"https:\/\/twojaklinika.com.pl\/index.php\/wp-json\/wp\/v2\/portfolio?post=6198"}],"curies":[{"name":"wp","href":"https:\/\/api.w.org\/{rel}","templated":true}]}}

Laserowe fotoodmładzanie skóry

<p style="text-align: justify;"><strong>FOTOODMŁADZANIE SKÓRY </strong></p>
<p style="text-align: justify;"><strong>Na czym polega laserowe fotoodmładzanie skóry?</strong></p>
<p style="text-align: justify;">Przez lata korzystamy ze słońca i solarium nie myśląc o właściwej pielęgnacji naszej skóry. W konsekwencji około 35 roku życia zaczynamy obserwować u siebie nasilające się cechy posłonecznego uszkodzenia, czyli tzw. fotostarzenia. Z każdym dziesiątkiem lat przybywa zmian barwnikowych, nasze naczynka stają się rozszerzone, naskórek wysuszony i cienki, pojawiają się coraz liczniejsze zmarszczki i bruzdy.<br />
Laserowy zabieg footoodmładzania polega na pobudzaniu skóry do produkcji kolagenu przy użyciu promienia laserowego. W trakcie zabiegu laser niszczy obecne w skórze rozszerzone naczynka oraz skupiska brunatnego barwnika, pozostawiając otaczającą tkankę nienaruszoną. Po zabiegu zmniejsza się widoczność brunatnych plam, znikają pajączki naczyniowe. Skóra wyraźnie ujednolica swój koloryt i jest lepszej jakości. Jest to metoda nie wymagająca znieczulenia. Można powierzchnię skóry schłodzić w trakcie oraz po zabiegu specjalnymi zimnymi okładami, co pozwala uśmierzyć ból.</p>
<p style="text-align: justify;">Najczęstsze obszary zabiegowe to twarz, szyja i dekolt i dłonie.</p>
<p style="text-align: justify;"><strong>Wskazania do zabiegu:</strong></p>
<ul style="text-align: justify;">
<li>Każda osoba z cechami posłonecznego uszkodzenia skóry: rozszerzone naczynka oraz brunatne plamy soczewicowate lub piegi, które zaburzają koloryt skóry i świadczą o starzeniu skóry, związanym z przewlekłą ekspozycją na promieniowanie UV.</li>
</ul>
<p style="text-align: justify;"><strong>Efekty:</strong></p>
<ul style="text-align: justify;">
<li>zmniejsza się widoczność brunatnych plam,</li>
<li>znikają pajączki naczyniowe.</li>
<li>skóra wyraźnie ujednolica swój koloryt i jest lepszej jakości.</li>
</ul>
<p style="text-align: justify;">Gojenie skóry bezpośrednio po zabiegu trwa około tygodnia, natomiast proces regeneracji skóry oraz znikanie brunatnych plam i naczyń trwa około kilku 4-6  tygodni. Wówczas zazwyczaj wykonujemy drugi zabieg, który ma na celu redukcję pozostałych jeszcze zmian naczyniowych i barwnikowych. Ilość zalecanych zabiegów jest uzalezniona od stanu skóry pacjenta.</p>
<p style="text-align: justify;"><strong>Przeciwwskazania do zabiegu:</strong></p>
<ul style="text-align: justify;">
<li>ciąża i karmienie piersią</li>
<li>terapia doustna retinoidami</li>
<li>zioła: dziurawiec, nagietek, skrzyp</li>
<li>leki światłouczulające: antybiotyki, leki antydepresyjne</li>
<li>aktywna infekcja bakteryjna lub wirusowa na skórze</li>
<li>nowotwory skóry</li>
<li>fotodermatozy</li>
<li>przewlekłe zapalne dermatozy (łuszczyca, atopowe zapalenie skóry, liszaj płaski)</li>
<li>okres do 4 tygodni od wypełnienia zmarszczek kwasem hialuronowym lub hydroksyapatytem wapnia</li>
<li>okres do 12 tygodni od wypełnienia skóry kwasem polimlekowym (Sculptra)</li>
<li>skóra opalona</li>
<li>skóra przyciemniona samoopalaczem</li>
<li>niedawne pilingi chemiczne</li>
<li>cukrzyca</li>
<li>obniżenie odporności organizmu</li>
<li>tendencja do tworzenia się bliznowców</li>
</ul>
<p style="text-align: justify;">W CELU MAKSYMALNEGO SKRÓCENIA OKRESU REKONWALESCENCJI I DLA LEPSZYCH EFEKTÓW ZABIEGOWYCH ZALECAMY KILKA SESJI PRZY WYKORZYSTANIU <strong>LAMP LEDOWYCH.</strong></p>

<p>FOTOODMŁADZANIE SKÓRY  Na czym polega laserowe fotoodmładzanie skóry? Przez lata korzystamy ze słońca i solarium nie myśląc o właściwej pielęgnacji naszej skóry. W konsekwencji około 35 roku życia zaczynamy obserwować u siebie nasilające się cechy posłonecznego uszkodzenia, czyli tzw. fotostarzenia. Z każdym dziesiątkiem lat przybywa zmian barwnikowych, nasze naczynka stają [&hellip;]</p>
