{"id":6183,"date":"2020-11-03T13:28:35","date_gmt":"2020-11-03T12:28:35","guid":{"rendered":"https:\/\/twojaklinika.com.pl\/?post_type=portfolio_item&#038;p=6183"},"modified":"2023-07-03T13:31:13","modified_gmt":"2023-07-03T11:31:13","slug":"leczenie-tradziku","status":"publish","type":"portfolio_item","link":"https:\/\/twojaklinika.com.pl\/index.php\/project\/leczenie-tradziku\/","title":{"rendered":"Leczenie tr\u0105dziku"},"content":{"rendered":"<p style=\"text-align: justify;\"><strong>Na czym polega zabieg?<\/strong><\/p>\n<p style=\"text-align: justify;\">Laserowe\u00a0<strong>leczenie tr\u0105dziku<\/strong>\u00a0oraz jego likwidacja jest mo\u017cliwa dzi\u0119ki przeciwzapalnym oraz\u00a0<strong>przeciwbakteryjnym w\u0142a\u015bciwo\u015bciom lasera<\/strong>.<br \/>\nPrecyzyjnie dobrana wi\u0105zka \u015bwiat\u0142a wnika w g\u0142\u0105b sk\u00f3ry i dzia\u0142aj\u0105c na gruczo\u0142y \u0142ojowe\u00a0<strong>ogranicza produkcj\u0119 sebum i niszczy bakterie wywo\u0142uj\u0105ce tr\u0105dzik<\/strong>. Tkanki zawieraj\u0105ce poszczeg\u00f3lne chromofory zostaj\u0105 uszkodzone bez uszkadzania s\u0105siednich tkanek. \u015awiat\u0142o lasera ma te\u017c w\u0142a\u015bciwo\u015bci odka\u017caj\u0105ce i obkurczaj\u0105ce pory.\u00a0<strong>Zwi\u0119ksza tak\u017ce produkcj\u0119 kolagenu<\/strong>, kt\u00f3ra zwi\u0119ksza elastyczno\u015b\u0107 sk\u00f3ry i likwiduje drobne zmarszczki!<\/p>\n<p style=\"text-align: justify;\">Leczenie tr\u0105dziku z wykorzystaniem lasera przynosi lepsze rezultaty estetyczne, zw\u0142aszcza w przypadku\u00a0<strong>tr\u0105dziku zapalnego<\/strong>, bez efekt\u00f3w ubocznych powi\u0105zanych ze stosowaniem lek\u00f3w miejscowych lub doustnych. Laser niszczy bakteri\u0119 sk\u00f3rn\u0105 odpowiedzialn\u0105 za powstawanie tr\u0105dziku, dzi\u0119ki czemu zapobiega przysz\u0142ym ogniskom tr\u0105dziku na sk\u00f3rze twarzy, czy plecach.<\/p>\n<p style=\"text-align: justify;\"><strong>Efekty zabiegu:<\/strong><\/p>\n<ul style=\"text-align: justify;\">\n<li>z\u0142agodzenie oraz likwidacja zmian tr\u0105dzikowych,<\/li>\n<li>obkurczenie por\u00f3w sk\u00f3ry,<\/li>\n<li>wyg\u0142adzenie sk\u00f3ry,<\/li>\n<li>zniszczenie bakterii powoduj\u0105cych powstawanie problemu wraz z odka\u017ceniem sk\u00f3ry,<\/li>\n<li>og\u00f3lna poprawa wygl\u0105du sk\u00f3ry.<\/li>\n<\/ul>\n<p style=\"text-align: justify;\"><strong>Przeciwwskazania:<\/strong><\/p>\n<ul style=\"text-align: justify;\">\n<li>uszkodzenia sk\u00f3ry, stany zapalne oraz przewlek\u0142e zapalne dermatozy (atopowe zapalenie sk\u00f3ry, \u0142uszczyca),<\/li>\n<li>nadwra\u017cliwo\u015b\u0107 na \u015bwiat\u0142o lasera oraz przyjmowanie zi\u00f3\u0142 i lek\u00f3w \u015bwiat\u0142ouczulaj\u0105cych typu skrzyp, nagietek, dziurawiec, antybiotyki,<\/li>\n<li>nowotwory sk\u00f3ry,<\/li>\n<li>trwaj\u0105ca terapia izotretinoin\u0105, steroidami, (Izotek, Aknenormin, Curacne) oraz retinoidami (Roaccutan, Accutan),<\/li>\n<li>infekcje bakteryjne, wirusowe,<\/li>\n<li>opalona sk\u00f3ra, u\u017cywanie krem\u00f3w samoopalaj\u0105cych i samoopalaczy,<\/li>\n<li>ci\u0105\u017ca.<\/li>\n<\/ul>\n<p style=\"text-align: justify;\">W CELU MAKSYMALNEGO SKR\u00d3CENIA OKRESU REKONWALESCENCJI I DLA LEPSZYCH EFEKT\u00d3W ZABIEGOWYCH ZALECAMY KILKA SESJI PRZY WYKORZYSTANIU\u00a0<strong>LAMP LEDOWYCH.<\/strong><\/p>\n","protected":false},"excerpt":{"rendered":"<p>Na czym polega zabieg? Laserowe\u00a0leczenie tr\u0105dziku\u00a0oraz jego likwidacja jest mo\u017cliwa dzi\u0119ki przeciwzapalnym oraz\u00a0przeciwbakteryjnym w\u0142a\u015bciwo\u015bciom lasera. Precyzyjnie dobrana wi\u0105zka \u015bwiat\u0142a wnika w g\u0142\u0105b sk\u00f3ry i dzia\u0142aj\u0105c na gruczo\u0142y \u0142ojowe\u00a0ogranicza produkcj\u0119 sebum i niszczy bakterie wywo\u0142uj\u0105ce tr\u0105dzik. Tkanki zawieraj\u0105ce poszczeg\u00f3lne chromofory zostaj\u0105 uszkodzone bez uszkadzania s\u0105siednich tkanek. \u015awiat\u0142o lasera ma te\u017c w\u0142a\u015bciwo\u015bci [&hellip;]<\/p>\n","protected":false},"author":1,"featured_media":6256,"comment_status":"open","ping_status":"closed","template":"","meta":{"_et_pb_use_builder":"","_et_pb_old_content":"","_et_gb_content_width":""},"portfolio":[53],"class_list":["post-6183","portfolio_item","type-portfolio_item","status-publish","has-post-thumbnail","hentry","portfolio-dermatologia"],"aioseo_notices":[],"_links":{"self":[{"href":"https:\/\/twojaklinika.com.pl\/index.php\/wp-json\/wp\/v2\/portfolio_item\/6183","targetHints":{"allow":["GET"]}}],"collection":[{"href":"https:\/\/twojaklinika.com.pl\/index.php\/wp-json\/wp\/v2\/portfolio_item"}],"about":[{"href":"https:\/\/twojaklinika.com.pl\/index.php\/wp-json\/wp\/v2\/types\/portfolio_item"}],"author":[{"embeddable":true,"href":"https:\/\/twojaklinika.com.pl\/index.php\/wp-json\/wp\/v2\/users\/1"}],"replies":[{"embeddable":true,"href":"https:\/\/twojaklinika.com.pl\/index.php\/wp-json\/wp\/v2\/comments?post=6183"}],"wp:featuredmedia":[{"embeddable":true,"href":"https:\/\/twojaklinika.com.pl\/index.php\/wp-json\/wp\/v2\/media\/6256"}],"wp:attachment":[{"href":"https:\/\/twojaklinika.com.pl\/index.php\/wp-json\/wp\/v2\/media?parent=6183"}],"wp:term":[{"taxonomy":"portfolio","embeddable":true,"href":"https:\/\/twojaklinika.com.pl\/index.php\/wp-json\/wp\/v2\/portfolio?post=6183"}],"curies":[{"name":"wp","href":"https:\/\/api.w.org\/{rel}","templated":true}]}}

Leczenie trądziku

<p style="text-align: justify;"><strong>Na czym polega zabieg?</strong></p>
<p style="text-align: justify;">Laserowe <strong>leczenie trądziku</strong> oraz jego likwidacja jest możliwa dzięki przeciwzapalnym oraz <strong>przeciwbakteryjnym właściwościom lasera</strong>.<br />
Precyzyjnie dobrana wiązka światła wnika w głąb skóry i działając na gruczoły łojowe <strong>ogranicza produkcję sebum i niszczy bakterie wywołujące trądzik</strong>. Tkanki zawierające poszczególne chromofory zostają uszkodzone bez uszkadzania sąsiednich tkanek. Światło lasera ma też właściwości odkażające i obkurczające pory. <strong>Zwiększa także produkcję kolagenu</strong>, która zwiększa elastyczność skóry i likwiduje drobne zmarszczki!</p>
<p style="text-align: justify;">Leczenie trądziku z wykorzystaniem lasera przynosi lepsze rezultaty estetyczne, zwłaszcza w przypadku <strong>trądziku zapalnego</strong>, bez efektów ubocznych powiązanych ze stosowaniem leków miejscowych lub doustnych. Laser niszczy bakterię skórną odpowiedzialną za powstawanie trądziku, dzięki czemu zapobiega przyszłym ogniskom trądziku na skórze twarzy, czy plecach.</p>
<p style="text-align: justify;"><strong>Efekty zabiegu:</strong></p>
<ul style="text-align: justify;">
<li>złagodzenie oraz likwidacja zmian trądzikowych,</li>
<li>obkurczenie porów skóry,</li>
<li>wygładzenie skóry,</li>
<li>zniszczenie bakterii powodujących powstawanie problemu wraz z odkażeniem skóry,</li>
<li>ogólna poprawa wyglądu skóry.</li>
</ul>
<p style="text-align: justify;"><strong>Przeciwwskazania:</strong></p>
<ul style="text-align: justify;">
<li>uszkodzenia skóry, stany zapalne oraz przewlekłe zapalne dermatozy (atopowe zapalenie skóry, łuszczyca),</li>
<li>nadwrażliwość na światło lasera oraz przyjmowanie ziół i leków światłouczulających typu skrzyp, nagietek, dziurawiec, antybiotyki,</li>
<li>nowotwory skóry,</li>
<li>trwająca terapia izotretinoiną, steroidami, (Izotek, Aknenormin, Curacne) oraz retinoidami (Roaccutan, Accutan),</li>
<li>infekcje bakteryjne, wirusowe,</li>
<li>opalona skóra, używanie kremów samoopalających i samoopalaczy,</li>
<li>ciąża.</li>
</ul>
<p style="text-align: justify;">W CELU MAKSYMALNEGO SKRÓCENIA OKRESU REKONWALESCENCJI I DLA LEPSZYCH EFEKTÓW ZABIEGOWYCH ZALECAMY KILKA SESJI PRZY WYKORZYSTANIU <strong>LAMP LEDOWYCH.</strong></p>

<p>Na czym polega zabieg? Laserowe leczenie trądziku oraz jego likwidacja jest możliwa dzięki przeciwzapalnym oraz przeciwbakteryjnym właściwościom lasera. Precyzyjnie dobrana wiązka światła wnika w głąb skóry i działając na gruczoły łojowe ogranicza produkcję sebum i niszczy bakterie wywołujące trądzik. Tkanki zawierające poszczególne chromofory zostają uszkodzone bez uszkadzania sąsiednich tkanek. Światło lasera ma też właściwości [&hellip;]</p>
