{"id":6399,"date":"2020-12-06T13:23:23","date_gmt":"2020-12-06T12:23:23","guid":{"rendered":"https:\/\/twojaklinika.com.pl\/?page_id=6399"},"modified":"2020-12-06T13:25:00","modified_gmt":"2020-12-06T12:25:00","slug":"dr-n-med-elwira-matuszewska","status":"publish","type":"page","link":"https:\/\/twojaklinika.com.pl\/index.php\/onas\/dr-n-med-elwira-matuszewska\/","title":{"rendered":"Dr n. med. Elwira Matuszewska"},"content":{"rendered":"<p style=\"text-align: center;\"><strong>specjalista onkologii klinicznej<\/strong><\/p>\n<p style=\"text-align: justify;\">dr Elwira Matuszewska jest \u00a0od 1989 r. \u00a0zawodowo \u00a0zwi\u0105zana z Bia\u0142ostockim \u00a0Centrum Onkologii, gdzie od 2004r. pe\u0142ni funkcj\u0119 zast\u0119pcy ordynatora Oddzia\u0142u Onkologii Klinicznej z pododdzia\u0142em \u00a0chemioterapii dziennej.<\/p>\n<p style=\"text-align: justify;\">Od 1997r. jest \u00a0cz\u0142onkiem \u00a0i koordynatorem zespo\u0142\u00f3w badawczych w licznych badaniach klinicznych II i III fazy dotycz\u0105cych terapii onkologicznych ( chemioterapii, immunoterapii, lek\u00f3w celowanych).<\/p>\n<p style=\"text-align: justify;\">Dr Matuszewska posiada wieloletnie do\u015bwiadczenie w leczeniu szerokiej gamy nowotwor\u00f3w, w tym: nowotwory przewodu pokarmowego, p\u0142uc, p\u0119cherza moczowego, prostaty, piersi, sk\u00f3ry, innych.<\/p>\n<p style=\"text-align: justify;\">Od 2015r jestem konsultantem wojew\u00f3dzkim w dziedzinie onkologii klinicznej.<\/p>\n","protected":false},"excerpt":{"rendered":"<p>specjalista onkologii klinicznej dr Elwira Matuszewska jest \u00a0od 1989 r. \u00a0zawodowo \u00a0zwi\u0105zana z Bia\u0142ostockim \u00a0Centrum Onkologii, gdzie od 2004r. pe\u0142ni funkcj\u0119 zast\u0119pcy ordynatora Oddzia\u0142u Onkologii Klinicznej z pododdzia\u0142em \u00a0chemioterapii dziennej. Od 1997r. jest \u00a0cz\u0142onkiem \u00a0i koordynatorem zespo\u0142\u00f3w badawczych w licznych badaniach klinicznych II i III fazy dotycz\u0105cych terapii onkologicznych ( [&hellip;]<\/p>\n","protected":false},"author":1,"featured_media":0,"parent":5592,"menu_order":0,"comment_status":"closed","ping_status":"closed","template":"","meta":{"_et_pb_use_builder":"","_et_pb_old_content":"","_et_gb_content_width":"","footnotes":""},"class_list":["post-6399","page","type-page","status-publish","hentry"],"aioseo_notices":[],"_links":{"self":[{"href":"https:\/\/twojaklinika.com.pl\/index.php\/wp-json\/wp\/v2\/pages\/6399","targetHints":{"allow":["GET"]}}],"collection":[{"href":"https:\/\/twojaklinika.com.pl\/index.php\/wp-json\/wp\/v2\/pages"}],"about":[{"href":"https:\/\/twojaklinika.com.pl\/index.php\/wp-json\/wp\/v2\/types\/page"}],"author":[{"embeddable":true,"href":"https:\/\/twojaklinika.com.pl\/index.php\/wp-json\/wp\/v2\/users\/1"}],"replies":[{"embeddable":true,"href":"https:\/\/twojaklinika.com.pl\/index.php\/wp-json\/wp\/v2\/comments?post=6399"}],"version-history":[{"count":2,"href":"https:\/\/twojaklinika.com.pl\/index.php\/wp-json\/wp\/v2\/pages\/6399\/revisions"}],"predecessor-version":[{"id":6403,"href":"https:\/\/twojaklinika.com.pl\/index.php\/wp-json\/wp\/v2\/pages\/6399\/revisions\/6403"}],"up":[{"embeddable":true,"href":"https:\/\/twojaklinika.com.pl\/index.php\/wp-json\/wp\/v2\/pages\/5592"}],"wp:attachment":[{"href":"https:\/\/twojaklinika.com.pl\/index.php\/wp-json\/wp\/v2\/media?parent=6399"}],"curies":[{"name":"wp","href":"https:\/\/api.w.org\/{rel}","templated":true}]}}