{"id":6380,"date":"2020-12-06T13:16:04","date_gmt":"2020-12-06T12:16:04","guid":{"rendered":"https:\/\/twojaklinika.com.pl\/?page_id=6380"},"modified":"2020-12-06T13:16:56","modified_gmt":"2020-12-06T12:16:56","slug":"lek-ewa-godlewska","status":"publish","type":"page","link":"https:\/\/twojaklinika.com.pl\/index.php\/onas\/lek-ewa-godlewska\/","title":{"rendered":"lek. Ewa Godlewska"},"content":{"rendered":"<p style=\"text-align: justify;\">Lek. med. Ewa Godlewska jest absolwentk\u0105 Uniwersytetu Medycznego w Bia\u0142ymstoku z 1996 roku. Po odbyciu podyplomowego sta\u017cu rozpocz\u0119\u0142a specjalizacj\u0119 z okulistyki. Pierwszy stopie\u0144 specjalizacji w tej dziedzinie uzyska\u0142a w 2001 roku, drugi \u2013 w 2005 roku. Jest cz\u0142onkiem zespo\u0142u lekarskiego Kliniki Okulistyki Uniwersyteckiego Szpitala Klinicznego w Bia\u0142ymstoku.<\/p>\n<p style=\"text-align: justify;\">Lek. med. Ewa Godlewska stale podnosi swoje kwalifikacje poprzez uczestnictwo w specjalistycznych szkoleniach i kursach dotycz\u0105cych schorze\u0144 narz\u0105du wzroku i nowoczesnych metod diagnostycznych i leczniczych.\u00a0Jest r\u00f3wnie\u017c wsp\u00f3\u0142autork\u0105 prac naukowych z zakresu okulistyki, kt\u00f3re ukaza\u0142y si\u0119 na \u0142amach Magazynu Lekarza Okulisty, mi\u0119dzy innymi pracy pt.: \u201cJako\u015b\u0107 przep\u0142ywu krwi w naczyniach zaopatruj\u0105cych ga\u0142k\u0119 oczn\u0105 u os\u00f3b z r\u00f3\u017cnie zaawansowan\u0105 kr\u00f3tkowzroczno\u015bci\u0105, dotycz\u0105cej przep\u0142ywu krwi w t\u0119tnicy ocznej, \u015brodkowej siatk\u00f3wki i\u00a0w t\u0119tnicach rz\u0119skowych tylnych kr\u00f3tkich w powi\u0105zaniu z d\u0142ugo\u015bci\u0105 ga\u0142ki ocznej\u201d, a tak\u017ce \u201cZakrzep \u017cy\u0142y \u015brodkowej siatk\u00f3wki u 26-letniej kobiety \u2013\u00a0opis przypadku\u201d.<\/p>\n<p style=\"text-align: justify;\"><strong>Zabiegi, w kt\u00f3rych specjalizuje si\u0119 lek. E. Godlewska<br \/>\n<\/strong><\/p>\n<p style=\"text-align: justify;\">Lek. med. Ewa Godlewska udziela porad i konsultacji pacjentom ze schorzeniami narz\u0105du wzroku o r\u00f3\u017cnej etiologii. W swojej codziennej praktyce okulistycznej wykonuje m.in. zabiegi plastyki powiek g\u00f3rnych oraz plastyki nieprawid\u0142owego ustawienia powiek dolnych, usuwania grad\u00f3wek, \u00a0k\u0119pek \u017c\u00f3\u0142tych i innych zmian znajduj\u0105cych si\u0119 na powiekach.<\/p>\n","protected":false},"excerpt":{"rendered":"<p>Lek. med. Ewa Godlewska jest absolwentk\u0105 Uniwersytetu Medycznego w Bia\u0142ymstoku z 1996 roku. Po odbyciu podyplomowego sta\u017cu rozpocz\u0119\u0142a specjalizacj\u0119 z okulistyki. Pierwszy stopie\u0144 specjalizacji w tej dziedzinie uzyska\u0142a w 2001 roku, drugi \u2013 w 2005 roku. Jest cz\u0142onkiem zespo\u0142u lekarskiego Kliniki Okulistyki Uniwersyteckiego Szpitala Klinicznego w Bia\u0142ymstoku. Lek. med. Ewa [&hellip;]<\/p>\n","protected":false},"author":1,"featured_media":0,"parent":5592,"menu_order":0,"comment_status":"closed","ping_status":"closed","template":"","meta":{"_et_pb_use_builder":"","_et_pb_old_content":"","_et_gb_content_width":"","footnotes":""},"class_list":["post-6380","page","type-page","status-publish","hentry"],"aioseo_notices":[],"_links":{"self":[{"href":"https:\/\/twojaklinika.com.pl\/index.php\/wp-json\/wp\/v2\/pages\/6380","targetHints":{"allow":["GET"]}}],"collection":[{"href":"https:\/\/twojaklinika.com.pl\/index.php\/wp-json\/wp\/v2\/pages"}],"about":[{"href":"https:\/\/twojaklinika.com.pl\/index.php\/wp-json\/wp\/v2\/types\/page"}],"author":[{"embeddable":true,"href":"https:\/\/twojaklinika.com.pl\/index.php\/wp-json\/wp\/v2\/users\/1"}],"replies":[{"embeddable":true,"href":"https:\/\/twojaklinika.com.pl\/index.php\/wp-json\/wp\/v2\/comments?post=6380"}],"version-history":[{"count":2,"href":"https:\/\/twojaklinika.com.pl\/index.php\/wp-json\/wp\/v2\/pages\/6380\/revisions"}],"predecessor-version":[{"id":6383,"href":"https:\/\/twojaklinika.com.pl\/index.php\/wp-json\/wp\/v2\/pages\/6380\/revisions\/6383"}],"up":[{"embeddable":true,"href":"https:\/\/twojaklinika.com.pl\/index.php\/wp-json\/wp\/v2\/pages\/5592"}],"wp:attachment":[{"href":"https:\/\/twojaklinika.com.pl\/index.php\/wp-json\/wp\/v2\/media?parent=6380"}],"curies":[{"name":"wp","href":"https:\/\/api.w.org\/{rel}","templated":true}]}}