{"id":6300,"date":"2020-11-25T08:40:56","date_gmt":"2020-11-25T07:40:56","guid":{"rendered":"https:\/\/twojaklinika.com.pl\/?page_id=6300"},"modified":"2020-11-25T08:44:17","modified_gmt":"2020-11-25T07:44:17","slug":"szkolenia","status":"publish","type":"page","link":"https:\/\/twojaklinika.com.pl\/index.php\/szkolenia\/","title":{"rendered":"Szkolenia"},"content":{"rendered":"\n\t<h2>\n\t\t\t\t\tSzkolenia\n\t\t\t\t<\/h2>\n\t\t\t<p>Zapraszamy na szkolenia w Twojej Klinice.<\/p>\t\t\n\t<h2>\n\t\t\t\t\tCo zapewniamy?\n\t\t\t\t<\/h2>\n\t<ul>\n<li>materia\u0142y szkoleniowe<\/li>\n<li>modelki\/modele do zabieg\u00f3w<\/li>\n<li>koszt materia\u0142\u00f3w medycznych i preparat\u00f3w na szkolenia<\/li>\n<li>pocz\u0119stunek podczas szkolenia<\/li>\n<li>certyfikat w j\u0119zyku polskim i angielskim<\/li>\n<li>grupy maksymalnie 3- osobowe<\/li>\n<li>minimum teorii, maksimum praktyki<\/li>\n<\/ul>\n<p>Zapraszamy serdecznie do bezpo\u015bredniego kontaktu pod numerem telefonu:<\/p>\n<p><strong>+48 735969555 <\/strong>lub drog\u0105 mailow\u0105: <strong><u><a href=\"mailto:kontakt@twojaklinika.com.pl\">kontakt@twojaklinika.com.pl<\/a><\/u><\/strong><\/p>\n","protected":false},"excerpt":{"rendered":"<p>Szkolenia Zapraszamy na szkolenia w Twojej Klinice. Co zapewniamy? materia\u0142y szkoleniowe modelki\/modele do zabieg\u00f3w koszt materia\u0142\u00f3w medycznych i preparat\u00f3w na szkolenia pocz\u0119stunek podczas szkolenia certyfikat w j\u0119zyku polskim i angielskim grupy maksymalnie 3- osobowe minimum teorii, maksimum praktyki Zapraszamy serdecznie do bezpo\u015bredniego kontaktu pod numerem telefonu: +48 735969555 lub drog\u0105 [&hellip;]<\/p>\n","protected":false},"author":1,"featured_media":6151,"parent":0,"menu_order":0,"comment_status":"closed","ping_status":"closed","template":"page-templates\/full-width-bb.php","meta":{"_et_pb_use_builder":"","_et_pb_old_content":"","_et_gb_content_width":"","footnotes":""},"class_list":["post-6300","page","type-page","status-publish","has-post-thumbnail","hentry"],"aioseo_notices":[],"_links":{"self":[{"href":"https:\/\/twojaklinika.com.pl\/index.php\/wp-json\/wp\/v2\/pages\/6300","targetHints":{"allow":["GET"]}}],"collection":[{"href":"https:\/\/twojaklinika.com.pl\/index.php\/wp-json\/wp\/v2\/pages"}],"about":[{"href":"https:\/\/twojaklinika.com.pl\/index.php\/wp-json\/wp\/v2\/types\/page"}],"author":[{"embeddable":true,"href":"https:\/\/twojaklinika.com.pl\/index.php\/wp-json\/wp\/v2\/users\/1"}],"replies":[{"embeddable":true,"href":"https:\/\/twojaklinika.com.pl\/index.php\/wp-json\/wp\/v2\/comments?post=6300"}],"version-history":[{"count":2,"href":"https:\/\/twojaklinika.com.pl\/index.php\/wp-json\/wp\/v2\/pages\/6300\/revisions"}],"predecessor-version":[{"id":6303,"href":"https:\/\/twojaklinika.com.pl\/index.php\/wp-json\/wp\/v2\/pages\/6300\/revisions\/6303"}],"wp:featuredmedia":[{"embeddable":true,"href":"https:\/\/twojaklinika.com.pl\/index.php\/wp-json\/wp\/v2\/media\/6151"}],"wp:attachment":[{"href":"https:\/\/twojaklinika.com.pl\/index.php\/wp-json\/wp\/v2\/media?parent=6300"}],"curies":[{"name":"wp","href":"https:\/\/api.w.org\/{rel}","templated":true}]}}